 15716125.
5, 59, 2131
List the prime factors of 584772.
2, 3, 48731
What are the prime factors of 374877?
3, 23, 1811
What are the prime factors of 9787095?
3, 5, 72497
What are the prime factors of 307854?
2, 3, 5701
What are the prime factors of 3684934?
2, 11, 15227
What are the prime factors of 1411204?
2, 17, 20753
What are the prime factors of 663626?
2, 41, 8093
What are the prime factors of 1305934?
2, 7, 93281
List the prime factors of 653293.
17, 83, 463
List the prime factors of 946208.
2, 29569
List the prime factors of 251930.
2, 5, 7, 59, 61
What are the prime factors of 99576?
2, 3, 461
List the prime factors of 2091945.
3, 5, 89, 1567
List the prime factors of 23665118.
2, 41, 7039
List the prime factors of 13161682.
2, 6580841
What are the prime factors of 10613001?
3, 7, 19, 67, 397
What are the prime factors of 94801?
7, 29, 467
List the prime factors of 190234.
2, 11, 8647
List the prime factors of 103115.
5, 41, 503
List the prime factors of 730294.
2, 365147
What are the prime factors of 8407724?
2, 13, 17, 9511
What are the prime factors of 144368?
2, 7, 1289
What are the prime factors of 17851343?
17, 1050079
What are the prime factors of 1939462?
2, 7, 17, 29, 281
List the prime factors of 342666.
2, 3, 19037
List the prime factors of 4627366.
2, 17, 136099
List the prime factors of 73946.
2, 36973
List the prime factors of 325613.
359, 907
What are the prime factors of 10658047?
113, 257, 367
List the prime factors of 8624210.
2, 5, 7, 123203
List the prime factors of 2716815.
3, 5, 71, 2551
List the prime factors of 3651597.
3, 631, 643
What are the prime factors of 40298248?
2, 5037281
What are the prime factors of 1028005?
5, 11, 18691
List the prime factors of 7853428.
2, 11, 178487
What are the prime factors of 18731755?
5, 7, 535193
List the prime factors of 8384578.
2, 4192289
List the prime factors of 835.
5, 167
List the prime factors of 9609959.
9609959
List the prime factors of 304812.
2, 3, 8467
What are the prime factors of 393703?
17, 23159
List the prime factors of 6888900.
2, 3, 5, 22963
What are the prime factors of 3955738?
2, 137, 14437
List the prime factors of 17052158.
2, 19, 448741
What are the prime factors of 637603?
637603
What are the prime factors of 59348?
2, 37, 401
What are the prime factors of 491697?
3, 18211
What are the prime factors of 351965?
5, 70393
What are the prime factors of 5315691?
3, 23, 41, 1879
What are the prime factors of 8562551?
8562551
List the prime factors of 2257600.
2, 5, 17, 83
List the prime factors of 200394.
2, 3, 1237
What are the prime factors of 137731?
11, 19, 659
List the prime factors of 2967695.
5, 593539
List the prime factors of 196986.
2, 3, 32831
List the prime factors of 1328073.
3, 442691
What are the prime factors of 486526?
2, 243263
List the prime factors of 721066.
2, 347, 1039
What are the prime factors of 1462426?
2, 7, 104459
What are the prime factors of 2006?
2, 17, 59
List the prime factors of 259815.
3, 5, 17321
What are the prime factors of 7728292?
2, 11, 13, 59, 229
What are the prime factors of 14758702?
2, 7, 73, 2063
What are the prime factors of 387844?
2, 47, 2063
List the prime factors of 688371.
3, 269, 853
What are the prime factors of 27757?
41, 677
What are the prime factors of 16161995?
5, 41, 78839
What are the prime factors of 5260803?
3, 17, 29, 3557
What are the prime factors of 2671915?
5, 29, 18427
List the prime factors of 23245.
5, 4649
List the prime factors of 423984.
2, 3, 11, 73
What are the prime factors of 394100?
2, 5, 7, 563
What are the prime factors of 1685273?
1685273
List the prime factors of 81463.
81463
List the prime factors of 232835.
5, 46567
List the prime factors of 75473.
71, 1063
List the prime factors of 72195.
3, 5, 4813
What are the prime factors of 20971939?
313, 67003
What are the prime factors of 15040078?
2, 139, 54101
What are the prime factors of 326748?
2, 3, 73, 373
List the prime factors of 10934604.
2, 3, 17, 1051
What are the prime factors of 4492455?
3, 5, 11, 19, 1433
List the prime factors of 6512568.
2, 3, 271357
List the prime factors of 194197.
194197
List the prime factors of 1621969.
37, 59, 743
List the prime factors of 12233.
13, 941
What are the prime factors of 2072925?
3, 5, 37, 83
List the prime factors of 5361656.
2, 61, 10987
List the prime factors of 605066.
2, 7, 11, 3929
List the prime factors of 7737269.
23, 336403
List the prime factors of 185369.
185369
What are the prime factors of 1117009?
1117009
What are the prime factors of 5127354?
2, 3, 94951
What are the prime factors of 284194?
2, 142097
List the prime factors of 4288397.
4288397
What are the prime factors of 376497?
3, 11, 3803
What are the prime factors of 5191462?
2, 2595731
What are the prime factors of 577262?
2, 7, 41233
List the prime factors of 13473538.
2, 13, 23, 22531
What are the prime factors of 821093?
7, 13, 1289
List the prime factors of 244250.
2, 5, 977
What are the prime factors of 4172241?
3, 173, 8039
What are the prime factors of 6084910?
2, 5, 13, 46807
List the prime factors of 21577380.
2, 3, 5, 11, 32693
List the prime factors of 361419.
3, 120473
What are the prime factors of 750059?
750059
What are the prime factors of 318387?
3, 106129
What are the prime factors of 9069075?
3, 5, 17, 2371
List the prime factors of 3883086.
2, 3, 71909
What are the prime factors of 3031105?
5, 7, 11, 7873
List the prime factors of 645039.
3, 71671
What are the prime factors of 495331?
67, 7393
List the prime factors of 2486214.
2, 3, 103, 149
What are the prime factors of 13032288?
2, 3, 37, 1223
What are the prime factors of 75244?
2, 13, 1447
List the prime factors of 148734.
2, 3, 8263
What are the prime factors of 141791?
13, 839
List the prime factors of 147059.
11, 29, 461
List the prime factors of 7330365.
3, 5, 7, 7757
List the prime factors of 2508214.
2, 17, 73771
List the prime factors of 545511.
3, 181837
What are the prime factors of 462088?
2, 11, 59, 89
List the prime factors of 321175.
5, 29, 443
What are the prime factors of 20527758?
2, 3, 1140431
What are the prime factors of 275434?
2, 17, 8101
List the prime factors of 12876148.
2, 19, 37, 241
List the prime factors of 3375210.
2, 3, 5, 112507
What are the prime factors of 249174?
2, 3, 109, 127
What are the prime factors of 152801?
11, 29, 479
List the prime factors of 2313248.
2, 7, 23, 449
What are the prime factors of 7476343?
7, 61, 17509
What are the prime factors of 2217424?
2, 11, 43, 293
List the prime factors of 385363.
11, 53, 661
List the prime factors of 194689.
11, 1609
List the prime factors of 650397.
3, 11, 19709
What are the prime factors of 154786?
2, 193, 401
What are the prime factors of 339930?
2, 3, 5, 1259
What are the prime factors of 15466072?
2, 71, 73, 373
What are the prime factors of 342945?
3, 5, 7621
List the prime factors of 1033768.
2, 129221
List the prime factors of 8004054.
2, 3, 19, 61, 1151
List the prime factors of 2063613.
3, 17, 43, 941
List the prime factors of 70473.
3, 13, 139
What are the prime factors of 3955455?
3, 5, 7, 29, 433
List the prime factors of 2026938.
2, 3, 499, 677
What are the prime factors of 1935565?
5, 23, 16831
What are the prime factors of 64138?
2, 32069
What are the prime factors of 44479?
19, 2341
List the prime factors of 199280.
2, 5, 47, 53
List the prime factors of 713789.
47, 15187
List the prime factors of 12946931.
12946931
List the prime factors of 595240.
2, 5, 23, 647
List the prime factors of 16338026.
2, 8169013
What are the prime factors of 1317299?
1317299
List the prime factors of 784098.
2, 3, 7, 127
List the prime factors of 1374759.
3, 59, 863
What are the prime factors of 49372?
2, 12343
List the prime factors of 3906171.
3, 199, 727
What are the prime factors of 22077?
3, 11, 223
List the prime factors of 514947.
3, 17, 23, 439
List the prime factors of 147594.
2, 3, 17, 1447
What are the prime factors of 2247396?
2, 3, 19, 9857
List the prime factors of 1846547.
1846547
List the prime factors of 31417.
89, 353
List the prime factors of 214512.
2, 3, 41, 109
List the prime factors of 2191593.
3, 19, 38449
What are the prime factors of 882600?
2, 3, 5, 1471
What are the prime factors of 6031266?
2, 3, 43, 97, 241
List the p